{"id":467,"date":"2020-11-19T23:52:39","date_gmt":"2020-11-19T23:52:39","guid":{"rendered":"http:\/\/apps.olozfera.mx\/plazas\/pfsa\/?page_id=467"},"modified":"2020-11-21T00:34:15","modified_gmt":"2020-11-21T00:34:15","slug":"terminos-y-condiciones","status":"publish","type":"page","link":"http:\/\/apps.olozfera.mx\/plazas\/pfsa\/terminos-y-condiciones\/","title":{"rendered":"T\u00e9rminos y condiciones"},"content":{"rendered":"\n<p>\u00a1En Plaza Fiesta San Agust\u00edn y Plaza Fiesta An\u00e1huac premiamos tus visitas!<\/p>\n\n\n\n<p>Plaza Fiesta San Agust\u00edn y Plaza Fiesta An\u00e1huac agradecen tu preferencia y te regalan una camioneta Honda HRV 2020.<\/p>\n\n\n\n<p>Participa registrando tus tickets de compra* de m\u00ednimo $500 pesos y acertando la pregunta, \u00bfcu\u00e1ntas pelotas hay adentro de la camioneta?<\/p>\n\n\n\n<p>V\u00e1lido en tickets de compra de cualquiera de los locales y restaurantes de Plaza Fiesta San Agust\u00edn y Plaza Fiesta An\u00e1huac.<\/p>\n\n\n\n<p>\u00a1No pierdas esta oportunidad de ganar y ll\u00e9vate este incre\u00edble premio!<\/p>\n\n\n\n<p>Se deber\u00e1n cumplir los siguientes requisitos para poder ser ganador de la presente din\u00e1mica:<\/p>\n\n\n\n<p>1.- Registra en nuestros m\u00f3dulos de informaci\u00f3n todos tus tickets de compra* de m\u00ednimo $500 pesos de cualquiera de los locales de Plaza Fiesta San Agust\u00edn y Plaza Fiesta An\u00e1huac para poder participar.<\/p>\n\n\n\n<p>2.- Todos los participantes tendr\u00e1n el derecho a contestar la pregunta, \u00bfcu\u00e1ntas pelotas hay adentro de la camioneta? Las 10 personas que m\u00e1s se acerquen a la respuesta correcta, sin importar si se pasa o no del n\u00famero exacto, ser\u00e1n seleccionados para participar en la din\u00e1mica finalista.<\/p>\n\n\n\n<p>3.- Se citar\u00e1 a los 10 finalistas en lugar, fecha y horario por determinar, para participar en la din\u00e1mica finalista, la cual ser\u00e1 rebelada en tiempo y forma a los participantes.<\/p>\n\n\n\n<p>Tienes hasta el domingo 27 de diciembre del 2020 a las 7:00 pm para registrar tus tickets. \u00a1No pierdas esta oportunidad de ganar!<\/p>\n\n\n\n<p>*No son v\u00e1lidos los tickets de pago de servicios realizados dentro de la plaza (agua, luz, gas, recibo de telefon\u00eda fija o celular, etc.). No son v\u00e1lidos los tickets de pago de servicios (agua, cable, telefon\u00eda). Los tickets no son acumulables. No se pueden presentar tickets separados cuya suma conjunta alcance los $500 pesos. Solo ser\u00e1n v\u00e1lidos tickets individuales de $500 pesos en adelante. No son v\u00e1lidos los tickets de compra a meses sin intereses.<\/p>\n\n\n\n<p>\u2013 No podr\u00e1n participar locatarios ni trabajadores de las plazas comerciales<\/p>\n\n\n\n<p>\u2013 La fecha de la din\u00e1mica final ser\u00e1 definida m\u00e1s delante y se comunicar\u00e1 con anticipaci\u00f3n a todos los finalistas. La persona que participe en la din\u00e1mica final ser\u00e1 la misma que participe en la din\u00e1mica inicial, no podr\u00e1n enviar a alguien en su representaci\u00f3n.<\/p>\n\n\n\n<p>-La entrega del premio ser\u00e1 en fecha y horario a convenir con el ganador y se realizar\u00e1 dentro de las instalaciones de Plaza Fiesta San Agust\u00edn<\/p>\n\n\n\n<p>-El hecho de participar en esta din\u00e1mica implica la aceptaci\u00f3n de los presentes T\u00e9rminos y Condiciones.<\/p>\n\n\n\n<p>-Plaza Fiesta San Agust\u00edn y Plaza Fiesta An\u00e1huac se reservan el derecho a introducir cambios en la mec\u00e1nica o funcionamiento de la din\u00e1mica en cualquier momento y\/o finalizarla de forma anticipada si fuera necesario por justa causa, sin que de ello pueda derivarse responsabilidad alguna. No obstante lo anterior, estos cambios se comunicar\u00e1n debidamente a trav\u00e9s de nuestras cuentas de Facebook oficiales.<\/p>\n\n\n\n<p>-Plaza Fiesta San Agust\u00edn y Plaza Fiesta An\u00e1huac se reservan la facultad de adoptar cuantas medidas resulten oportunas para evitar cualquier conducta que tenga por finalidad actuar en fraude de la presente din\u00e1mica o en incumplimiento de sus normas, cuya primera e inmediata consecuencia ser\u00e1 la exclusi\u00f3n del participante y la p\u00e9rdida de todo derecho a los regalos que eventualmente hubiese obtenido.<\/p>\n","protected":false},"excerpt":{"rendered":"<p>\u00a1En Plaza Fiesta San Agust\u00edn y Plaza Fiesta An\u00e1huac premiamos tus visitas! Plaza Fiesta San Agust\u00edn y Plaza Fiesta An\u00e1huac agradecen tu preferencia y te regalan una camioneta Honda HRV 2020. Participa registrando tus tickets de compra* de m\u00ednimo $500 pesos y acertando la pregunta, \u00bfcu\u00e1ntas pelotas hay adentro de la camioneta? V\u00e1lido en tickets [&hellip;]<\/p>\n","protected":false},"author":1,"featured_media":0,"parent":0,"menu_order":0,"comment_status":"closed","ping_status":"closed","template":"page-terminos.php","meta":[],"yoast_head":"<!-- This site is optimized with the Yoast SEO plugin v15.3 - https:\/\/yoast.com\/wordpress\/plugins\/seo\/ -->\n<title>T\u00e9rminos y condiciones - Plaza Fiesta San Agust\u00edn<\/title>\n<meta name=\"robots\" content=\"index, follow, max-snippet:-1, max-image-preview:large, max-video-preview:-1\" \/>\n<link rel=\"canonical\" href=\"http:\/\/apps.olozfera.mx\/plazas\/pfsa\/terminos-y-condiciones\/\" \/>\n<meta property=\"og:locale\" content=\"es_MX\" \/>\n<meta property=\"og:type\" content=\"article\" \/>\n<meta property=\"og:title\" content=\"T\u00e9rminos y condiciones - Plaza Fiesta San Agust\u00edn\" \/>\n<meta property=\"og:description\" content=\"\u00a1En Plaza Fiesta San Agust\u00edn y Plaza Fiesta An\u00e1huac premiamos tus visitas! Plaza Fiesta San Agust\u00edn y Plaza Fiesta An\u00e1huac agradecen tu preferencia y te regalan una camioneta Honda HRV 2020. Participa registrando tus tickets de compra* de m\u00ednimo $500 pesos y acertando la pregunta, \u00bfcu\u00e1ntas pelotas hay adentro de la camioneta? V\u00e1lido en tickets [&hellip;]\" \/>\n<meta property=\"og:url\" content=\"http:\/\/apps.olozfera.mx\/plazas\/pfsa\/terminos-y-condiciones\/\" \/>\n<meta property=\"og:site_name\" content=\"Plaza Fiesta San Agust\u00edn\" \/>\n<meta property=\"article:modified_time\" content=\"2020-11-21T00:34:15+00:00\" \/>\n<meta name=\"twitter:card\" content=\"summary_large_image\" \/>\n<meta name=\"twitter:label1\" content=\"Written by\">\n\t<meta name=\"twitter:data1\" content=\"admin\">\n\t<meta name=\"twitter:label2\" content=\"Est. reading time\">\n\t<meta name=\"twitter:data2\" content=\"2 minutos\">\n<script type=\"application\/ld+json\" class=\"yoast-schema-graph\">{\"@context\":\"https:\/\/schema.org\",\"@graph\":[{\"@type\":\"WebSite\",\"@id\":\"http:\/\/apps.olozfera.mx\/plazas\/pfsa\/#website\",\"url\":\"http:\/\/apps.olozfera.mx\/plazas\/pfsa\/\",\"name\":\"Plaza Fiesta San Agust\\u00edn\",\"description\":\"Otro sitio m\\u00e1s de plazas fiesta Sitios\",\"potentialAction\":[{\"@type\":\"SearchAction\",\"target\":\"http:\/\/apps.olozfera.mx\/plazas\/pfsa\/?s={search_term_string}\",\"query-input\":\"required name=search_term_string\"}],\"inLanguage\":\"es-MX\"},{\"@type\":\"WebPage\",\"@id\":\"http:\/\/apps.olozfera.mx\/plazas\/pfsa\/terminos-y-condiciones\/#webpage\",\"url\":\"http:\/\/apps.olozfera.mx\/plazas\/pfsa\/terminos-y-condiciones\/\",\"name\":\"T\\u00e9rminos y condiciones - Plaza Fiesta San Agust\\u00edn\",\"isPartOf\":{\"@id\":\"http:\/\/apps.olozfera.mx\/plazas\/pfsa\/#website\"},\"datePublished\":\"2020-11-19T23:52:39+00:00\",\"dateModified\":\"2020-11-21T00:34:15+00:00\",\"breadcrumb\":{\"@id\":\"http:\/\/apps.olozfera.mx\/plazas\/pfsa\/terminos-y-condiciones\/#breadcrumb\"},\"inLanguage\":\"es-MX\",\"potentialAction\":[{\"@type\":\"ReadAction\",\"target\":[\"http:\/\/apps.olozfera.mx\/plazas\/pfsa\/terminos-y-condiciones\/\"]}]},{\"@type\":\"BreadcrumbList\",\"@id\":\"http:\/\/apps.olozfera.mx\/plazas\/pfsa\/terminos-y-condiciones\/#breadcrumb\",\"itemListElement\":[{\"@type\":\"ListItem\",\"position\":1,\"item\":{\"@type\":\"WebPage\",\"@id\":\"http:\/\/apps.olozfera.mx\/plazas\/pfsa\/\",\"url\":\"http:\/\/apps.olozfera.mx\/plazas\/pfsa\/\",\"name\":\"Inicio\"}},{\"@type\":\"ListItem\",\"position\":2,\"item\":{\"@type\":\"WebPage\",\"@id\":\"http:\/\/apps.olozfera.mx\/plazas\/pfsa\/terminos-y-condiciones\/\",\"url\":\"http:\/\/apps.olozfera.mx\/plazas\/pfsa\/terminos-y-condiciones\/\",\"name\":\"T\\u00e9rminos y condiciones\"}}]}]}<\/script>\n<!-- \/ Yoast SEO plugin. -->","_links":{"self":[{"href":"http:\/\/apps.olozfera.mx\/plazas\/pfsa\/wp-json\/wp\/v2\/pages\/467"}],"collection":[{"href":"http:\/\/apps.olozfera.mx\/plazas\/pfsa\/wp-json\/wp\/v2\/pages"}],"about":[{"href":"http:\/\/apps.olozfera.mx\/plazas\/pfsa\/wp-json\/wp\/v2\/types\/page"}],"author":[{"embeddable":true,"href":"http:\/\/apps.olozfera.mx\/plazas\/pfsa\/wp-json\/wp\/v2\/users\/1"}],"replies":[{"embeddable":true,"href":"http:\/\/apps.olozfera.mx\/plazas\/pfsa\/wp-json\/wp\/v2\/comments?post=467"}],"version-history":[{"count":3,"href":"http:\/\/apps.olozfera.mx\/plazas\/pfsa\/wp-json\/wp\/v2\/pages\/467\/revisions"}],"predecessor-version":[{"id":480,"href":"http:\/\/apps.olozfera.mx\/plazas\/pfsa\/wp-json\/wp\/v2\/pages\/467\/revisions\/480"}],"wp:attachment":[{"href":"http:\/\/apps.olozfera.mx\/plazas\/pfsa\/wp-json\/wp\/v2\/media?parent=467"}],"curies":[{"name":"wp","href":"https:\/\/api.w.org\/{rel}","templated":true}]}}